{"id":66,"date":"2019-05-20T00:44:46","date_gmt":"2019-05-19T22:44:46","guid":{"rendered":"http:\/\/web120256.rex12.flatbooster.info\/ju_2020\/?page_id=66"},"modified":"2019-05-20T01:01:01","modified_gmt":"2019-05-19T23:01:01","slug":"wir-ueber-uns","status":"publish","type":"page","link":"http:\/\/web120256.rex12.flatbooster.info\/ju_2020\/wir-ueber-uns\/","title":{"rendered":"Wir \u00fcber uns"},"content":{"rendered":"\n<h2 class=\"wp-block-heading\"> Wer wir sind <\/h2>\n\n\n\n<p>Die Junge Union ist die eigenst\u00e4ndige Jugendorganisation der CSU. Wer bei uns Mitglied werden will, muss nicht unserer Mutterpartei angeh\u00f6ren. Als Nachwuchsorganisation bekennen wir uns aber zu gemeinsamen Zielen &#8211; was jedoch nicht hei\u00dft, dass wir immer genau einer Meinung sein m\u00fcssen.           <\/p>\n\n\n\n<h2 class=\"wp-block-heading\"> Was wir tun <\/h2>\n\n\n\n<p>Es ist besser, selbst zu handeln, als behandelt zu werden &#8211; deswegen wollen wir uns einmischen und unsere Ideen in die Politik einbringen. Unsere Mitglieder sorgen dort daf\u00fcr, dass auch die Jungen eine Stimme haben.  Aber nat\u00fcrlich arbeiten wir nicht nur hart bei der Jungen Union &#8211; unsere  Mitglieder unternehmen auch viel gemeinsam. Sportturniere und Ausfl\u00fcge  geh\u00f6ren fest zum Programm. Hier lernt man sich in lockerer Atmosph\u00e4re  kennen, diskutiert kontrovers &#8211; und hat viel Spa\u00df dabei! <\/p>\n\n\n\n<h2 class=\"wp-block-heading\">Macher gesucht! Mitglied werden! <\/h2>\n\n\n\n<p>Willst du deine Meinung bei uns aktiv einbringen? Hast du Lust, etwas zu bewegen? Willst du mit jungen, motivierten Menschen in deiner Freizeit etwas unternehmen? Dann mach doch einfach bei uns mit! Wir w\u00fcrden uns \u00fcber dich und deine Ideen auf jeden Fall sehr freuen.      <\/p>\n\n\n\n<h2 class=\"wp-block-heading\"> Zahlen und Fakten <\/h2>\n\n\n\n<p>Mit rund 24.000 Mitgliedern (Stand 2017) ist die Junge Union nicht nur der gr\u00f6\u00dfe und bedeutendste Jugendverband in Bayern, sondern auch der gr\u00f6\u00dfte Landesverband der JU Deutschlands. Die Junge Union redet in den Parlamenten mit: Acht unserer Mitglieder sind Abgeordnete im Bayerischen Landtag, zw\u00f6lf sitzen im Bundestag und ein JU\u00b4ler vertritt Bayern im Europ\u00e4ischen Parlament. Zudem stellt die JU \u00fcber 1500 Kommunalpolitiker in den Gemeinden, St\u00e4dten und Landkreisen. <\/p>\n","protected":false},"excerpt":{"rendered":"<p>Wer wir sind Die Junge Union ist die eigenst\u00e4ndige Jugendorganisation der CSU. Wer bei uns Mitglied werden will, muss nicht unserer Mutterpartei angeh\u00f6ren. Als Nachwuchsorganisation bekennen wir uns aber zu gemeinsamen Zielen &#8211; was jedoch nicht hei\u00dft, dass wir immer genau einer Meinung sein m\u00fcssen. Was wir tun Es ist besser, selbst zu handeln, als [&hellip;]<\/p>\n","protected":false},"author":1,"featured_media":0,"parent":0,"menu_order":0,"comment_status":"closed","ping_status":"closed","template":"","meta":{"footnotes":""},"class_list":["post-66","page","type-page","status-publish","hentry"],"_links":{"self":[{"href":"http:\/\/web120256.rex12.flatbooster.info\/ju_2020\/wp-json\/wp\/v2\/pages\/66","targetHints":{"allow":["GET"]}}],"collection":[{"href":"http:\/\/web120256.rex12.flatbooster.info\/ju_2020\/wp-json\/wp\/v2\/pages"}],"about":[{"href":"http:\/\/web120256.rex12.flatbooster.info\/ju_2020\/wp-json\/wp\/v2\/types\/page"}],"author":[{"embeddable":true,"href":"http:\/\/web120256.rex12.flatbooster.info\/ju_2020\/wp-json\/wp\/v2\/users\/1"}],"replies":[{"embeddable":true,"href":"http:\/\/web120256.rex12.flatbooster.info\/ju_2020\/wp-json\/wp\/v2\/comments?post=66"}],"version-history":[{"count":6,"href":"http:\/\/web120256.rex12.flatbooster.info\/ju_2020\/wp-json\/wp\/v2\/pages\/66\/revisions"}],"predecessor-version":[{"id":80,"href":"http:\/\/web120256.rex12.flatbooster.info\/ju_2020\/wp-json\/wp\/v2\/pages\/66\/revisions\/80"}],"wp:attachment":[{"href":"http:\/\/web120256.rex12.flatbooster.info\/ju_2020\/wp-json\/wp\/v2\/media?parent=66"}],"curies":[{"name":"wp","href":"https:\/\/api.w.org\/{rel}","templated":true}]}}