{"id":117,"date":"2020-02-09T22:53:07","date_gmt":"2020-02-09T21:53:07","guid":{"rendered":"http:\/\/web120256.rex12.flatbooster.info\/ju_2020\/?page_id=117"},"modified":"2020-02-09T23:34:49","modified_gmt":"2020-02-09T22:34:49","slug":"kommunalwahl-2020","status":"publish","type":"page","link":"http:\/\/web120256.rex12.flatbooster.info\/ju_2020\/kommunalwahl-2020\/","title":{"rendered":"Kommunalwahl 2020"},"content":{"rendered":"\n<h2 class=\"wp-block-heading\">Neu\u00f6ttinger Stadtratskandidaten <\/h2>\n\n\n\n<p>Mit zwei hervoragenden Kandidaten aus den Reihen der Jungen Union geht die CSU &#8211; Liste 1 ins Rennen. <\/p>\n\n\n<figure class=\"wp-block-gallery columns-2 is-cropped\">\n<ul class=\"blocks-gallery-grid\">\n<li class=\"blocks-gallery-item\">\n<figure><a href=\"http:\/\/web120256.rex12.flatbooster.info\/ju_2020\/patrick-wurm-29-liste-1-platz-6\/\"><img loading=\"lazy\" decoding=\"async\" width=\"295\" height=\"295\" class=\"wp-image-121\" src=\"http:\/\/web120256.rex12.flatbooster.info\/ju_2020\/wp-content\/uploads\/2020\/02\/Patrick_Wurm.jpg\" alt=\"\" data-id=\"121\" data-link=\"http:\/\/web120256.rex12.flatbooster.info\/ju_2020\/?attachment_id=121\" srcset=\"http:\/\/web120256.rex12.flatbooster.info\/ju_2020\/wp-content\/uploads\/2020\/02\/Patrick_Wurm.jpg 295w, http:\/\/web120256.rex12.flatbooster.info\/ju_2020\/wp-content\/uploads\/2020\/02\/Patrick_Wurm-150x150.jpg 150w\" sizes=\"auto, (max-width: 295px) 100vw, 295px\" \/><\/a><\/figure>\n<\/li>\n<li class=\"blocks-gallery-item\">\n<figure><a href=\"http:\/\/web120256.rex12.flatbooster.info\/ju_2020\/sebastian-eisensamer-26-liste-1-platz-14\/\"><img loading=\"lazy\" decoding=\"async\" width=\"295\" height=\"295\" class=\"wp-image-122\" src=\"http:\/\/web120256.rex12.flatbooster.info\/ju_2020\/wp-content\/uploads\/2020\/02\/Sebastian_Eisensamer.jpg\" alt=\"\" data-id=\"122\" data-full-url=\"http:\/\/web120256.rex12.flatbooster.info\/ju_2020\/wp-content\/uploads\/2020\/02\/Sebastian_Eisensamer.jpg\" data-link=\"http:\/\/web120256.rex12.flatbooster.info\/ju_2020\/?attachment_id=122\" srcset=\"http:\/\/web120256.rex12.flatbooster.info\/ju_2020\/wp-content\/uploads\/2020\/02\/Sebastian_Eisensamer.jpg 295w, http:\/\/web120256.rex12.flatbooster.info\/ju_2020\/wp-content\/uploads\/2020\/02\/Sebastian_Eisensamer-150x150.jpg 150w\" sizes=\"auto, (max-width: 295px) 100vw, 295px\" \/><\/a><\/figure>\n<\/li>\n<\/ul><figcaption class=\"blocks-gallery-caption\"><a href=\"http:\/\/web120256.rex12.flatbooster.info\/ju_2020\/patrick-wurm-29-liste-1-platz-6\/\">Patrick Wurm &#8211; Platz 6<\/a> und <a href=\"http:\/\/web120256.rex12.flatbooster.info\/ju_2020\/sebastian-eisensamer-26-liste-1-platz-14\/\">Sebastian Eisensamer &#8211; Platz 14<\/a><\/figcaption><\/figure>\n\n\n<h2 class=\"wp-block-heading\">Neu\u00f6ttinger Kanditaten auf der Jungen (Kreistags-) Liste<\/h2>\n\n\n\n<figure class=\"wp-block-image size-large\"><a href=\"https:\/\/jlaoe.de\/\" target=\"_blank\" rel=\"noreferrer noopener\"><img loading=\"lazy\" decoding=\"async\" width=\"200\" height=\"180\" src=\"http:\/\/web120256.rex12.flatbooster.info\/ju_2020\/wp-content\/uploads\/2020\/02\/JL_Logo_200px.jpg\" alt=\"Logo Junge Liste\" class=\"wp-image-118\"\/><\/a><\/figure>\n\n\n\n<p><strong>Platz 8: <\/strong>Patrick <strong>WURM <\/strong><br><strong>Platz 12: <\/strong>Sebastian <strong>STRAUSS <\/strong><br><strong>Platz 23: <\/strong>Sebastian <strong>EISENSAMER <\/strong><\/p>\n\n\n\n<hr class=\"wp-block-separator\"\/>\n\n\n\n<figure class=\"wp-block-gallery columns-3 is-cropped wp-block-gallery-1 is-layout-flex wp-block-gallery-is-layout-flex\"><ul class=\"blocks-gallery-grid\"><li class=\"blocks-gallery-item\"><figure><img loading=\"lazy\" decoding=\"async\" width=\"800\" height=\"558\" src=\"http:\/\/web120256.rex12.flatbooster.info\/ju_2020\/wp-content\/uploads\/2020\/02\/JU_Keimkasten01.jpg\" alt=\"\" data-id=\"148\" data-full-url=\"http:\/\/web120256.rex12.flatbooster.info\/ju_2020\/wp-content\/uploads\/2020\/02\/JU_Keimkasten01.jpg\" data-link=\"http:\/\/web120256.rex12.flatbooster.info\/ju_2020\/kommunalwahl-2020\/ju_keimkasten01\/\" class=\"wp-image-148\" srcset=\"http:\/\/web120256.rex12.flatbooster.info\/ju_2020\/wp-content\/uploads\/2020\/02\/JU_Keimkasten01.jpg 800w, http:\/\/web120256.rex12.flatbooster.info\/ju_2020\/wp-content\/uploads\/2020\/02\/JU_Keimkasten01-300x209.jpg 300w, http:\/\/web120256.rex12.flatbooster.info\/ju_2020\/wp-content\/uploads\/2020\/02\/JU_Keimkasten01-768x536.jpg 768w\" sizes=\"auto, (max-width: 800px) 100vw, 800px\" \/><\/figure><\/li><li class=\"blocks-gallery-item\"><figure><img loading=\"lazy\" decoding=\"async\" width=\"800\" height=\"558\" src=\"http:\/\/web120256.rex12.flatbooster.info\/ju_2020\/wp-content\/uploads\/2020\/02\/JU_Keimkasten02.jpg\" alt=\"\" data-id=\"149\" data-full-url=\"http:\/\/web120256.rex12.flatbooster.info\/ju_2020\/wp-content\/uploads\/2020\/02\/JU_Keimkasten02.jpg\" data-link=\"http:\/\/web120256.rex12.flatbooster.info\/ju_2020\/kommunalwahl-2020\/ju_keimkasten02\/\" class=\"wp-image-149\" srcset=\"http:\/\/web120256.rex12.flatbooster.info\/ju_2020\/wp-content\/uploads\/2020\/02\/JU_Keimkasten02.jpg 800w, http:\/\/web120256.rex12.flatbooster.info\/ju_2020\/wp-content\/uploads\/2020\/02\/JU_Keimkasten02-300x209.jpg 300w, http:\/\/web120256.rex12.flatbooster.info\/ju_2020\/wp-content\/uploads\/2020\/02\/JU_Keimkasten02-768x536.jpg 768w\" sizes=\"auto, (max-width: 800px) 100vw, 800px\" \/><\/figure><\/li><li class=\"blocks-gallery-item\"><figure><img loading=\"lazy\" decoding=\"async\" width=\"800\" height=\"523\" src=\"http:\/\/web120256.rex12.flatbooster.info\/ju_2020\/wp-content\/uploads\/2020\/02\/JU_Keimkasten03.jpg\" alt=\"\" data-id=\"150\" data-full-url=\"http:\/\/web120256.rex12.flatbooster.info\/ju_2020\/wp-content\/uploads\/2020\/02\/JU_Keimkasten03.jpg\" data-link=\"http:\/\/web120256.rex12.flatbooster.info\/ju_2020\/kommunalwahl-2020\/ju_keimkasten03\/\" class=\"wp-image-150\" srcset=\"http:\/\/web120256.rex12.flatbooster.info\/ju_2020\/wp-content\/uploads\/2020\/02\/JU_Keimkasten03.jpg 800w, http:\/\/web120256.rex12.flatbooster.info\/ju_2020\/wp-content\/uploads\/2020\/02\/JU_Keimkasten03-300x196.jpg 300w, http:\/\/web120256.rex12.flatbooster.info\/ju_2020\/wp-content\/uploads\/2020\/02\/JU_Keimkasten03-768x502.jpg 768w\" sizes=\"auto, (max-width: 800px) 100vw, 800px\" \/><\/figure><\/li><li class=\"blocks-gallery-item\"><figure><img loading=\"lazy\" decoding=\"async\" width=\"800\" height=\"522\" src=\"http:\/\/web120256.rex12.flatbooster.info\/ju_2020\/wp-content\/uploads\/2020\/02\/JU_Keimkasten04.jpg\" alt=\"\" data-id=\"151\" data-full-url=\"http:\/\/web120256.rex12.flatbooster.info\/ju_2020\/wp-content\/uploads\/2020\/02\/JU_Keimkasten04.jpg\" data-link=\"http:\/\/web120256.rex12.flatbooster.info\/ju_2020\/kommunalwahl-2020\/ju_keimkasten04\/\" class=\"wp-image-151\" srcset=\"http:\/\/web120256.rex12.flatbooster.info\/ju_2020\/wp-content\/uploads\/2020\/02\/JU_Keimkasten04.jpg 800w, http:\/\/web120256.rex12.flatbooster.info\/ju_2020\/wp-content\/uploads\/2020\/02\/JU_Keimkasten04-300x196.jpg 300w, http:\/\/web120256.rex12.flatbooster.info\/ju_2020\/wp-content\/uploads\/2020\/02\/JU_Keimkasten04-768x501.jpg 768w\" sizes=\"auto, (max-width: 800px) 100vw, 800px\" \/><\/figure><\/li><li class=\"blocks-gallery-item\"><figure><img loading=\"lazy\" decoding=\"async\" width=\"800\" height=\"539\" src=\"http:\/\/web120256.rex12.flatbooster.info\/ju_2020\/wp-content\/uploads\/2020\/02\/JU_Keimkasten05.jpg\" alt=\"\" data-id=\"152\" data-full-url=\"http:\/\/web120256.rex12.flatbooster.info\/ju_2020\/wp-content\/uploads\/2020\/02\/JU_Keimkasten05.jpg\" data-link=\"http:\/\/web120256.rex12.flatbooster.info\/ju_2020\/kommunalwahl-2020\/ju_keimkasten05\/\" class=\"wp-image-152\" srcset=\"http:\/\/web120256.rex12.flatbooster.info\/ju_2020\/wp-content\/uploads\/2020\/02\/JU_Keimkasten05.jpg 800w, http:\/\/web120256.rex12.flatbooster.info\/ju_2020\/wp-content\/uploads\/2020\/02\/JU_Keimkasten05-300x202.jpg 300w, http:\/\/web120256.rex12.flatbooster.info\/ju_2020\/wp-content\/uploads\/2020\/02\/JU_Keimkasten05-768x517.jpg 768w\" sizes=\"auto, (max-width: 800px) 100vw, 800px\" \/><\/figure><\/li><\/ul><figcaption class=\"blocks-gallery-caption\">Diskussionsabend mit unserer B\u00fcrgermeisterkandidatin Claudia Hann im Keimkasten Neu\u00f6tting. Themen waren u. a.  sp\u00e4rliche Ausgehm\u00f6glichkeiten in N\u00d6, Bezahlbares Wohnen,  Organisationstrukturen f\u00fcr die Jugendarbeit, Verbesserung der Schulausstattung sowie \u00d6PNV<\/figcaption><\/figure>\n","protected":false},"excerpt":{"rendered":"<p>Neu\u00f6ttinger Stadtratskandidaten Mit zwei hervoragenden Kandidaten aus den Reihen der Jungen Union geht die CSU &#8211; Liste 1 ins Rennen. Patrick Wurm &#8211; Platz 6 und Sebastian Eisensamer &#8211; Platz 14 Neu\u00f6ttinger Kanditaten auf der Jungen (Kreistags-) Liste Platz 8: Patrick WURM Platz 12: Sebastian STRAUSS Platz 23: Sebastian EISENSAMER<\/p>\n","protected":false},"author":1,"featured_media":0,"parent":0,"menu_order":0,"comment_status":"closed","ping_status":"closed","template":"","meta":{"footnotes":""},"class_list":["post-117","page","type-page","status-publish","hentry"],"_links":{"self":[{"href":"http:\/\/web120256.rex12.flatbooster.info\/ju_2020\/wp-json\/wp\/v2\/pages\/117","targetHints":{"allow":["GET"]}}],"collection":[{"href":"http:\/\/web120256.rex12.flatbooster.info\/ju_2020\/wp-json\/wp\/v2\/pages"}],"about":[{"href":"http:\/\/web120256.rex12.flatbooster.info\/ju_2020\/wp-json\/wp\/v2\/types\/page"}],"author":[{"embeddable":true,"href":"http:\/\/web120256.rex12.flatbooster.info\/ju_2020\/wp-json\/wp\/v2\/users\/1"}],"replies":[{"embeddable":true,"href":"http:\/\/web120256.rex12.flatbooster.info\/ju_2020\/wp-json\/wp\/v2\/comments?post=117"}],"version-history":[{"count":7,"href":"http:\/\/web120256.rex12.flatbooster.info\/ju_2020\/wp-json\/wp\/v2\/pages\/117\/revisions"}],"predecessor-version":[{"id":154,"href":"http:\/\/web120256.rex12.flatbooster.info\/ju_2020\/wp-json\/wp\/v2\/pages\/117\/revisions\/154"}],"wp:attachment":[{"href":"http:\/\/web120256.rex12.flatbooster.info\/ju_2020\/wp-json\/wp\/v2\/media?parent=117"}],"curies":[{"name":"wp","href":"https:\/\/api.w.org\/{rel}","templated":true}]}}